 factors of 48349.
7, 6907
List the prime factors of 22098.
2, 3, 29, 127
List the prime factors of 7013.
7013
List the prime factors of 4270.
2, 5, 7, 61
What are the prime factors of 16561?
16561
List the prime factors of 1732.
2, 433
What are the prime factors of 5644?
2, 17, 83
What are the prime factors of 649?
11, 59
What are the prime factors of 20378?
2, 23, 443
What are the prime factors of 1665?
3, 5, 37
List the prime factors of 5759.
13, 443
List the prime factors of 2302.
2, 1151
What are the prime factors of 96692?
2, 23, 1051
What are the prime factors of 933?
3, 311
What are the prime factors of 35983?
35983
What are the prime factors of 32669?
7, 13, 359
What are the prime factors of 135018?
2, 3, 13, 577
What are the prime factors of 672?
2, 3, 7
List the prime factors of 2866.
2, 1433
What are the prime factors of 7946?
2, 29, 137
What are the prime factors of 33104?
2, 2069
List the prime factors of 10234.
2, 7, 17, 43
What are the prime factors of 2620?
2, 5, 131
List the prime factors of 1908.
2, 3, 53
List the prime factors of 30221.
47, 643
List the prime factors of 898.
2, 449
What are the prime factors of 33252?
2, 3, 17, 163
What are the prime factors of 4893?
3, 7, 233
What are the prime factors of 33499?
139, 241
List the prime factors of 2705.
5, 541
List the prime factors of 8950.
2, 5, 179
What are the prime factors of 944?
2, 59
What are the prime factors of 876?
2, 3, 73
What are the prime factors of 184?
2, 23
List the prime factors of 909.
3, 101
List the prime factors of 4924.
2, 1231
What are the prime factors of 6015?
3, 5, 401
List the prime factors of 12258.
2, 3, 227
What are the prime factors of 1134?
2, 3, 7
List the prime factors of 21978.
2, 3, 11, 37
List the prime factors of 51511.
51511
What are the prime factors of 949?
13, 73
List the prime factors of 4627.
7, 661
What are the prime factors of 960?
2, 3, 5
What are the prime factors of 19730?
2, 5, 1973
What are the prime factors of 1079?
13, 83
List the prime factors of 24624.
2, 3, 19
What are the prime factors of 3552?
2, 3, 37
List the prime factors of 2299.
11, 19
List the prime factors of 165451.
11, 13, 89
List the prime factors of 3889.
3889
What are the prime factors of 838?
2, 419
List the prime factors of 67915.
5, 17, 47
What are the prime factors of 7884?
2, 3, 73
What are the prime factors of 61?
61
List the prime factors of 373.
373
List the prime factors of 12409.
12409
What are the prime factors of 991?
991
List the prime factors of 202.
2, 101
List the prime factors of 28045.
5, 71, 79
List the prime factors of 37880.
2, 5, 947
List the prime factors of 1069.
1069
List the prime factors of 7481.
7481
List the prime factors of 19837.
83, 239
List the prime factors of 11999.
13, 71
What are the prime factors of 5371?
41, 131
What are the prime factors of 1487?
1487
List the prime factors of 12738.
2, 3, 11, 193
What are the prime factors of 110678?
2, 55339
What are the prime factors of 820?
2, 5, 41
What are the prime factors of 3312?
2, 3, 23
List the prime factors of 1755.
3, 5, 13
What are the prime factors of 416?
2, 13
What are the prime factors of 89?
89
What are the prime factors of 16811?
16811
What are the prime factors of 5030?
2, 5, 503
List the prime factors of 1987.
1987
List the prime factors of 386.
2, 193
List the prime factors of 556.
2, 139
List the prime factors of 270.
2, 3, 5
List the prime factors of 3335.
5, 23, 29
List the prime factors of 2999.
2999
List the prime factors of 10452.
2, 3, 13, 67
What are the prime factors of 31242?
2, 3, 41, 127
List the prime factors of 1330.
2, 5, 7, 19
What are the prime factors of 11582?
2, 5791
List the prime factors of 5540.
2, 5, 277
What are the prime factors of 1543?
1543
List the prime factors of 565.
5, 113
What are the prime factors of 36491?
7, 13, 401
What are the prime factors of 2476?
2, 619
List the prime factors of 9947.
7, 29
List the prime factors of 932.
2, 233
What are the prime factors of 67770?
2, 3, 5, 251
What are the prime factors of 7791?
3, 7, 53
What are the prime factors of 23355?
3, 5, 173
List the prime factors of 1736.
2, 7, 31
What are the prime factors of 327?
3, 109
List the prime factors of 79.
79
List the prime factors of 11737.
11, 97
List the prime factors of 45387.
3, 41
What are the prime factors of 460?
2, 5, 23
What are the prime factors of 132392?
2, 13, 19, 67
What are the prime factors of 682?
2, 11, 31
What are the prime factors of 1260?
2, 3, 5, 7
List the prime factors of 479.
479
What are the prime factors of 37696?
2, 19, 31
List the prime factors of 1003.
17, 59
List the prime factors of 11316.
2, 3, 23, 41
What are the prime factors of 11294?
2, 5647
List the prime factors of 40523.
7, 827
What are the prime factors of 32429?
32429
List the prime factors of 3343.
3343
What are the prime factors of 17911?
17911
What are the prime factors of 252?
2, 3, 7
List the prime factors of 15279.
3, 11, 463
List the prime factors of 1404.
2, 3, 13
What are the prime factors of 3337?
47, 71
What are the prime factors of 5244?
2, 3, 19, 23
What are the prime factors of 47537?
7, 6791
List the prime factors of 40142.
2, 20071
List the prime factors of 9011.
9011
List the prime factors of 4890.
2, 3, 5, 163
What are the prime factors of 3363?
3, 19, 59
List the prime factors of 3811.
37, 103
What are the prime factors of 23256?
2, 3, 17, 19
What are the prime factors of 967?
967
List the prime factors of 168606.
2, 3, 17, 19, 29
List the prime factors of 13484.
2, 3371
List the prime factors of 983.
983
List the prime factors of 25543.
7, 41, 89
List the prime factors of 132375.
3, 5, 353
List the prime factors of 6954.
2, 3, 19, 61
What are the prime factors of 58063?
31, 1873
List the prime factors of 4672.
2, 73
List the prime factors of 75136.
2, 587
List the prime factors of 3751.
11, 31
List the prime factors of 6011.
6011
List the prime factors of 6284.
2, 1571
What are the prime factors of 67967?
67967
List the prime factors of 4432.
2, 277
List the prime factors of 56703.
3, 41, 461
List the prime factors of 80098.
2, 29, 1381
List the prime factors of 20978.
2, 17, 617
What are the prime factors of 909?
3, 101
List the prime factors of 17051.
17, 59
What are the prime factors of 28552?
2, 43, 83
List the prime factors of 10831.
10831
List the prime factors of 1191.
3, 397
List the prime factors of 15773.
15773
What are the prime factors of 1186?
2, 593
What are the prime factors of 7273?
7, 1039
What are the prime factors of 1623?
3, 541
What are the prime factors of 24044?
2, 6011
List the prime factors of 4001.
4001
List the prime factors of 1581.
3, 17, 31
List the prime factors of 12739.
12739
List the prime factors of 1122.
2, 3, 11, 17
What are the prime factors of 35677?
35677
What are the prime factors of 660?
2, 3, 5, 11
What are the prime factors of 6002?
2, 3001
What are the prime factors of 1049?
1049
What are the prime factors of 155?
5, 31
What are the prime factors of 233?
233
What are the prime factors of 41?
41
What are the prime factors of 76627?
19, 37, 109
What are the prime factors of 9397?
9397
What are the prime factors of 314?
2, 157
What are the prime factors of 319?
11, 29
What are the prime factors of 6381?
3, 709
List the prime factors of 3599.
59, 61
What are the prime factors of 9363?
3, 3121
What are the prime factors of 119367?
3, 4421
List the prime factors of 7112.
2, 7, 127
List the prime factors of 161.
7, 23
What are the prime factors of 120253?
7, 41, 419
List the prime factors of 179.
179
List the prime factors of 294.
2, 3, 7
List the prime factors of 171015.
3, 5, 13, 877
What are the prime factors of 3358?
2, 23, 73
What are the prime factors of 950?
2, 5, 19
List the prime factors of 352.
2, 11
What are the prime factors of 17721?
3, 11, 179
List the prime factors of 1547.
7, 13, 17
What are the prime factors of 3554?
2, 1777
List the prime factors of 823.
823
List the prime factors of 97963.
163, 601
What are the prime factors of 6989?
29, 241
List the prime factors of 881.
881
List the prime factors of 32272.
2, 2017
What are the prime factors of 85798?
2, 42899
What are the prime factors of 8116?
2, 2029
List the prime factors of 78418.
2, 39209
List the prime factors of 